{"id":669,"date":"2021-04-09T23:15:48","date_gmt":"2021-04-09T21:15:48","guid":{"rendered":"https:\/\/artigiani.srl\/?page_id=669"},"modified":"2021-07-01T18:50:33","modified_gmt":"2021-07-01T16:50:33","slug":"servizi","status":"publish","type":"page","link":"https:\/\/artigiani.srl\/?page_id=669","title":{"rendered":"Servizi"},"content":{"rendered":"\n<figure class=\"wp-block-pullquote is-style-default\"><blockquote><p><strong>L&#8217;EDILIZIA CHIAVI IN MANO<\/strong><\/p><\/blockquote><\/figure>\n\n\n\n<div class=\"wp-block-group alignfull\"><div class=\"wp-block-group__inner-container is-layout-flow wp-block-group-is-layout-flow\">\n<div class=\"wp-block-columns alignwide is-layout-flex wp-container-core-columns-is-layout-9d6595d7 wp-block-columns-is-layout-flex\">\n<div class=\"wp-block-column is-layout-flow wp-block-column-is-layout-flow\" style=\"flex-basis:30%\">\n<h4 class=\"wp-block-heading\">Costruzioni e Ristrutturazioni<\/h4>\n\n\n\n<h1 class=\"wp-block-heading\">Artigiani srls<\/h1>\n\n\n\n<p>Offriamo soluzioni chiavi in \u200b\u200bmano per i tuoi progetti di costruzione. Eseguiamo tutti i lavori commerciali nel settore privato e pubblico e lavoriamo principalmente sui progetti:<\/p>\n\n\n\n<ul class=\"wp-block-list\"><li>Demolizioni <\/li><li>Opere strutturali in cemento armato<\/li><li>Opere e strutture in legno lamellare<\/li><li>Opere murarie<\/li><li>Impermeabilizzazioni di tetti e terrazze<\/li><li>Impiantistica generale<\/li><li>Pavimenti e Rivestimenti<\/li><li>Restauro di facciate <\/li><li>Ristrutturazione di bagno, cucina e di appartamenti in genere<\/li><li>Rifacimento di tetti<\/li><li>Opere di genio civile<\/li><li>ed altro.<\/li><\/ul>\n\n\n\n<p><\/p>\n<\/div>\n\n\n\n<div class=\"wp-block-column is-layout-flow wp-block-column-is-layout-flow\" style=\"flex-basis:10%\"><\/div>\n\n\n\n<div class=\"wp-block-column is-layout-flow wp-block-column-is-layout-flow\" style=\"flex-basis:30%\">\n<figure class=\"wp-block-image size-large is-resized\"><img data-recalc-dims=\"1\" loading=\"lazy\" decoding=\"async\" src=\"https:\/\/i0.wp.com\/artigiani.srl\/wp-content\/uploads\/2018\/02\/lavoratore8.jpg?resize=300%2C200&#038;ssl=1\" alt=\"\" class=\"wp-image-137\" width=\"300\" height=\"200\"\/><\/figure>\n\n\n\n<h3 class=\"wp-block-heading\">Costruzioni di immobili civili ed industriali<\/h3>\n\n\n\n<p>Costruiamo edifici civili, commerciali, agricoli o industriali. Ci occupiamo dell&#8217;intero lavoro, dall&#8217;allestimento delle fondamenta fino alle finiture. Ti consigliamo e ti supportiamo nella realizzazione del tuo progetto.<\/p>\n\n\n\n<p><\/p>\n\n\n\n<div class=\"wp-block-image is-style-default\"><figure class=\"aligncenter size-large is-resized\"><img data-recalc-dims=\"1\" loading=\"lazy\" decoding=\"async\" src=\"https:\/\/i0.wp.com\/artigiani.srl\/wp-content\/uploads\/2021\/07\/Logo-bonus-facciate.jpg?resize=276%2C230&#038;ssl=1\" alt=\"\" class=\"wp-image-757\" width=\"276\" height=\"230\"\/><\/figure><\/div>\n\n\n\n<h3 class=\"wp-block-heading\">Assistenza per l&#8217;accesso agli sgravi fiscali <\/h3>\n\n\n\n<p>Offriamo una consulenza gratuita al fine di valutare le agevolazioni fiscali previste per le opere da realizzare, ed inoltre, ti assistiamo durante tutto l&#8217;iter burocratico e potrai anche accedere alla formula dello sconto in fattura!<\/p>\n<\/div>\n\n\n\n<div class=\"wp-block-column is-layout-flow wp-block-column-is-layout-flow\" style=\"flex-basis:30%\">\n<figure class=\"wp-block-image size-large is-resized\"><img data-recalc-dims=\"1\" loading=\"lazy\" decoding=\"async\" src=\"https:\/\/i0.wp.com\/artigiani.srl\/wp-content\/uploads\/2018\/02\/Ristrutturazione_casa_generico.jpg?resize=300%2C200&#038;ssl=1\" alt=\"\" class=\"wp-image-98\" width=\"300\" height=\"200\"\/><\/figure>\n\n\n\n<h3 class=\"wp-block-heading\">Ristrutturazioni appartamento<\/h3>\n\n\n\n<p>Il nostro team di esperti edili si occupa di tutti i tuoi lavori di ristrutturazione, dalle demolizioni alle finiture interne come intonaco,  piastrelle,  scale ed opere idrauliche ed elettriche. <\/p>\n\n\n\n<p><\/p>\n\n\n\n<figure class=\"wp-block-image size-large is-resized\"><img data-recalc-dims=\"1\" loading=\"lazy\" decoding=\"async\" src=\"https:\/\/i0.wp.com\/artigiani.srl\/wp-content\/uploads\/2021\/04\/preventivo.jpg?resize=300%2C200&#038;ssl=1\" alt=\"\" class=\"wp-image-705\" width=\"300\" height=\"200\" srcset=\"https:\/\/i0.wp.com\/artigiani.srl\/wp-content\/uploads\/2021\/04\/preventivo.jpg?resize=272%2C182&amp;ssl=1 272w, https:\/\/i0.wp.com\/artigiani.srl\/wp-content\/uploads\/2021\/04\/preventivo.jpg?zoom=2&amp;resize=300%2C200&amp;ssl=1 600w\" sizes=\"auto, (max-width: 300px) 100vw, 300px\" \/><\/figure>\n\n\n\n<h3 class=\"wp-block-heading\">Richiedi un preventivo<\/h3>\n\n\n\n<p>Se hai intenzione di eseguire un lavoro edile vi supportiamo nella verifica dei costi. Offriamo un sopralluogo gratuito al fine di valutare le opere da realizzare e la redazione di una puntuale offerta<\/p>\n<\/div>\n<\/div>\n<\/div><\/div>\n\n\n\n<div class=\"wp-block-group alignfull\"><div class=\"wp-block-group__inner-container is-layout-flow wp-block-group-is-layout-flow\">\n<h4 class=\"wp-block-heading\">Avvia il tuo sogno<\/h4>\n\n\n\n<div class=\"wp-block-columns are-vertically-aligned-top is-layout-flex wp-container-core-columns-is-layout-9d6595d7 wp-block-columns-is-layout-flex\">\n<div class=\"wp-block-column is-vertically-aligned-top is-layout-flow wp-block-column-is-layout-flow\">\n<h2 class=\"wp-block-heading\">Come avviare un progetto di ristrutturazione o costruzione:<\/h2>\n<\/div>\n\n\n\n<div class=\"wp-block-column is-vertically-aligned-top is-layout-flow wp-block-column-is-layout-flow\">\n<p>Contatta Artigiani srls per discutere il tuo progetto. Un esperto si recher\u00e0 gratuitamente presso l&#8217;immobile per valutare il lavoro, ascoltando le vostre aspettative e desideri.<\/p>\n\n\n\n<p>Ci piace il lavoro ben fatto ed \u00e8 per questo che sar\u00e0 necessaria una visita per poterti dare una stima del lavoro. I nostri prezzi e tariffe sono calcolati in base alla superficie dell&#8217;area da ristrutturare e in base al numero di servizi. Ma ad esempio, le condizioni delle pareti dovrebbero essere controllate quando si tratta di ridipingere!<\/p>\n\n\n\n<p>Attendi qualche giorno dopo la visita per ricevere il tuo preventivo.<\/p>\n\n\n\n<p>Concorda una data e il lavoro pu\u00f2 iniziare!<\/p>\n\n\n\n<p>Durante i lavori di ristrutturazione, il nostro team lavora in un quadro professionale e rimane a tua disposizione.<\/p>\n\n\n\n<p>Che sia per la costruzione di un immobile o il rifacimento di una facciata,  o per l&#8217;installazione di un nuovo bagno, il know-how dei nostri artigiani \u00e8 la tua garanzia. Artigiani srls \u00e8 orgogliosa di fornire un servizio di qualit\u00e0 a prezzi molto ragionevoli.<\/p>\n\n\n\n<p>Quando ti affidi alle persone giuste, ti senti al sicuro, e con noi ti sentirai al sicuro!<\/p>\n\n\n\n<p><\/p>\n<\/div>\n<\/div>\n\n\n\n<div class=\"wp-block-buttons is-layout-flex wp-block-buttons-is-layout-flex\">\n<div class=\"wp-block-button\"><a class=\"wp-block-button__link\" href=\"https:\/\/artigiani.srl\/?page_id=9\">Contattaci   <\/a><\/div>\n\n\n\n<div class=\"wp-block-button\"><a class=\"wp-block-button__link has-black-background-color has-background\" href=\"https:\/\/artigiani.srl\/?page_id=681\">I bonus fiscali<\/a><\/div>\n<\/div>\n<\/div><\/div>\n\n\n\n<p><\/p>\n","protected":false},"excerpt":{"rendered":"<p>L&#8217;EDILIZIA CHIAVI IN MANO Costruzioni e Ristrutturazioni Artigiani srls Offriamo soluzioni chiavi in \u200b\u200bmano per i tuoi progetti di costruzione. Eseguiamo tutti i lavori commerciali &hellip;<\/p>\n","protected":false},"author":1,"featured_media":0,"parent":0,"menu_order":0,"comment_status":"closed","ping_status":"closed","template":"","meta":{"_uag_custom_page_level_css":"","ngg_post_thumbnail":0,"jetpack_post_was_ever_published":false,"_joinchat":[],"footnotes":""},"class_list":["post-669","page","type-page","status-publish","hentry"],"yoast_head":"<!-- This site is optimized with the Yoast SEO plugin v27.4 - https:\/\/yoast.com\/product\/yoast-seo-wordpress\/ -->\n<title>Servizi - Artigiani srl<\/title>\n<meta name=\"description\" content=\"La Artigiani srls \u00e8 in grado di offrire una vasta gamma di servizi nell&#039;ambito dell&#039;edilizia generale, cosi&#039; come per la realizzazione di infissi in alluminio e pvc, e la realizzazione di impianti idrici, termici, gas e di condizionamento.\" \/>\n<meta name=\"robots\" content=\"index, follow, max-snippet:-1, max-image-preview:large, max-video-preview:-1\" \/>\n<link rel=\"canonical\" href=\"https:\/\/artigiani.srl\/?page_id=669\" \/>\n<meta property=\"og:locale\" content=\"it_IT\" \/>\n<meta property=\"og:type\" content=\"article\" \/>\n<meta property=\"og:title\" content=\"Servizi - Artigiani srl\" \/>\n<meta property=\"og:description\" content=\"La Artigiani srls \u00e8 in grado di offrire una vasta gamma di servizi nell&#039;ambito dell&#039;edilizia generale, cosi&#039; come per la realizzazione di infissi in alluminio e pvc, e la realizzazione di impianti idrici, termici, gas e di condizionamento.\" \/>\n<meta property=\"og:url\" content=\"https:\/\/artigiani.srl\/?page_id=669\" \/>\n<meta property=\"og:site_name\" content=\"Artigiani srl\" \/>\n<meta property=\"article:publisher\" content=\"https:\/\/www.facebook.com\/artigianisrls\/\" \/>\n<meta property=\"article:modified_time\" content=\"2021-07-01T16:50:33+00:00\" \/>\n<meta property=\"og:image\" content=\"https:\/\/artigiani.srl\/wp-content\/uploads\/2018\/02\/lavoratore8.jpg\" \/>\n<meta name=\"twitter:card\" content=\"summary_large_image\" \/>\n<meta name=\"twitter:label1\" content=\"Tempo di lettura stimato\" \/>\n\t<meta name=\"twitter:data1\" content=\"3 minuti\" \/>\n<script type=\"application\/ld+json\" class=\"yoast-schema-graph\">{\"@context\":\"https:\\\/\\\/schema.org\",\"@graph\":[{\"@type\":\"WebPage\",\"@id\":\"https:\\\/\\\/artigiani.srl\\\/?page_id=669\",\"url\":\"https:\\\/\\\/artigiani.srl\\\/?page_id=669\",\"name\":\"Servizi - Artigiani srl\",\"isPartOf\":{\"@id\":\"https:\\\/\\\/artigiani.srl\\\/#website\"},\"primaryImageOfPage\":{\"@id\":\"https:\\\/\\\/artigiani.srl\\\/?page_id=669#primaryimage\"},\"image\":{\"@id\":\"https:\\\/\\\/artigiani.srl\\\/?page_id=669#primaryimage\"},\"thumbnailUrl\":\"https:\\\/\\\/artigiani.srl\\\/wp-content\\\/uploads\\\/2018\\\/02\\\/lavoratore8.jpg\",\"datePublished\":\"2021-04-09T21:15:48+00:00\",\"dateModified\":\"2021-07-01T16:50:33+00:00\",\"description\":\"La Artigiani srls \u00e8 in grado di offrire una vasta gamma di servizi nell'ambito dell'edilizia generale, cosi' come per la realizzazione di infissi in alluminio e pvc, e la realizzazione di impianti idrici, termici, gas e di condizionamento.\",\"breadcrumb\":{\"@id\":\"https:\\\/\\\/artigiani.srl\\\/?page_id=669#breadcrumb\"},\"inLanguage\":\"it-IT\",\"potentialAction\":[{\"@type\":\"ReadAction\",\"target\":[\"https:\\\/\\\/artigiani.srl\\\/?page_id=669\"]}]},{\"@type\":\"ImageObject\",\"inLanguage\":\"it-IT\",\"@id\":\"https:\\\/\\\/artigiani.srl\\\/?page_id=669#primaryimage\",\"url\":\"https:\\\/\\\/i0.wp.com\\\/artigiani.srl\\\/wp-content\\\/uploads\\\/2018\\\/02\\\/lavoratore8.jpg?fit=380%2C380&ssl=1\",\"contentUrl\":\"https:\\\/\\\/i0.wp.com\\\/artigiani.srl\\\/wp-content\\\/uploads\\\/2018\\\/02\\\/lavoratore8.jpg?fit=380%2C380&ssl=1\",\"width\":380,\"height\":380},{\"@type\":\"BreadcrumbList\",\"@id\":\"https:\\\/\\\/artigiani.srl\\\/?page_id=669#breadcrumb\",\"itemListElement\":[{\"@type\":\"ListItem\",\"position\":1,\"name\":\"Home\",\"item\":\"https:\\\/\\\/artigiani.srl\\\/\"},{\"@type\":\"ListItem\",\"position\":2,\"name\":\"Servizi\"}]},{\"@type\":\"WebSite\",\"@id\":\"https:\\\/\\\/artigiani.srl\\\/#website\",\"url\":\"https:\\\/\\\/artigiani.srl\\\/\",\"name\":\"Artigiani srl\",\"description\":\"Maestri nell&#039;ediliza, costruzioni, ristrutturazioni, impiantistica\",\"publisher\":{\"@id\":\"https:\\\/\\\/artigiani.srl\\\/#organization\"},\"potentialAction\":[{\"@type\":\"SearchAction\",\"target\":{\"@type\":\"EntryPoint\",\"urlTemplate\":\"https:\\\/\\\/artigiani.srl\\\/?s={search_term_string}\"},\"query-input\":{\"@type\":\"PropertyValueSpecification\",\"valueRequired\":true,\"valueName\":\"search_term_string\"}}],\"inLanguage\":\"it-IT\"},{\"@type\":\"Organization\",\"@id\":\"https:\\\/\\\/artigiani.srl\\\/#organization\",\"name\":\"Artigiani srls\",\"url\":\"https:\\\/\\\/artigiani.srl\\\/\",\"logo\":{\"@type\":\"ImageObject\",\"inLanguage\":\"it-IT\",\"@id\":\"https:\\\/\\\/artigiani.srl\\\/#\\\/schema\\\/logo\\\/image\\\/\",\"url\":\"https:\\\/\\\/i0.wp.com\\\/artigiani.srl\\\/wp-content\\\/uploads\\\/2021\\\/04\\\/Marchio2021-500x480.png?fit=500%2C434&ssl=1\",\"contentUrl\":\"https:\\\/\\\/i0.wp.com\\\/artigiani.srl\\\/wp-content\\\/uploads\\\/2021\\\/04\\\/Marchio2021-500x480.png?fit=500%2C434&ssl=1\",\"width\":500,\"height\":434,\"caption\":\"Artigiani srls\"},\"image\":{\"@id\":\"https:\\\/\\\/artigiani.srl\\\/#\\\/schema\\\/logo\\\/image\\\/\"},\"sameAs\":[\"https:\\\/\\\/www.facebook.com\\\/artigianisrls\\\/\"]}]}<\/script>\n<!-- \/ Yoast SEO plugin. -->","yoast_head_json":{"title":"Servizi - Artigiani srl","description":"La Artigiani srls \u00e8 in grado di offrire una vasta gamma di servizi nell'ambito dell'edilizia generale, cosi' come per la realizzazione di infissi in alluminio e pvc, e la realizzazione di impianti idrici, termici, gas e di condizionamento.","robots":{"index":"index","follow":"follow","max-snippet":"max-snippet:-1","max-image-preview":"max-image-preview:large","max-video-preview":"max-video-preview:-1"},"canonical":"https:\/\/artigiani.srl\/?page_id=669","og_locale":"it_IT","og_type":"article","og_title":"Servizi - Artigiani srl","og_description":"La Artigiani srls \u00e8 in grado di offrire una vasta gamma di servizi nell'ambito dell'edilizia generale, cosi' come per la realizzazione di infissi in alluminio e pvc, e la realizzazione di impianti idrici, termici, gas e di condizionamento.","og_url":"https:\/\/artigiani.srl\/?page_id=669","og_site_name":"Artigiani srl","article_publisher":"https:\/\/www.facebook.com\/artigianisrls\/","article_modified_time":"2021-07-01T16:50:33+00:00","og_image":[{"url":"https:\/\/artigiani.srl\/wp-content\/uploads\/2018\/02\/lavoratore8.jpg","type":"","width":"","height":""}],"twitter_card":"summary_large_image","twitter_misc":{"Tempo di lettura stimato":"3 minuti"},"schema":{"@context":"https:\/\/schema.org","@graph":[{"@type":"WebPage","@id":"https:\/\/artigiani.srl\/?page_id=669","url":"https:\/\/artigiani.srl\/?page_id=669","name":"Servizi - Artigiani srl","isPartOf":{"@id":"https:\/\/artigiani.srl\/#website"},"primaryImageOfPage":{"@id":"https:\/\/artigiani.srl\/?page_id=669#primaryimage"},"image":{"@id":"https:\/\/artigiani.srl\/?page_id=669#primaryimage"},"thumbnailUrl":"https:\/\/artigiani.srl\/wp-content\/uploads\/2018\/02\/lavoratore8.jpg","datePublished":"2021-04-09T21:15:48+00:00","dateModified":"2021-07-01T16:50:33+00:00","description":"La Artigiani srls \u00e8 in grado di offrire una vasta gamma di servizi nell'ambito dell'edilizia generale, cosi' come per la realizzazione di infissi in alluminio e pvc, e la realizzazione di impianti idrici, termici, gas e di condizionamento.","breadcrumb":{"@id":"https:\/\/artigiani.srl\/?page_id=669#breadcrumb"},"inLanguage":"it-IT","potentialAction":[{"@type":"ReadAction","target":["https:\/\/artigiani.srl\/?page_id=669"]}]},{"@type":"ImageObject","inLanguage":"it-IT","@id":"https:\/\/artigiani.srl\/?page_id=669#primaryimage","url":"https:\/\/i0.wp.com\/artigiani.srl\/wp-content\/uploads\/2018\/02\/lavoratore8.jpg?fit=380%2C380&ssl=1","contentUrl":"https:\/\/i0.wp.com\/artigiani.srl\/wp-content\/uploads\/2018\/02\/lavoratore8.jpg?fit=380%2C380&ssl=1","width":380,"height":380},{"@type":"BreadcrumbList","@id":"https:\/\/artigiani.srl\/?page_id=669#breadcrumb","itemListElement":[{"@type":"ListItem","position":1,"name":"Home","item":"https:\/\/artigiani.srl\/"},{"@type":"ListItem","position":2,"name":"Servizi"}]},{"@type":"WebSite","@id":"https:\/\/artigiani.srl\/#website","url":"https:\/\/artigiani.srl\/","name":"Artigiani srl","description":"Maestri nell&#039;ediliza, costruzioni, ristrutturazioni, impiantistica","publisher":{"@id":"https:\/\/artigiani.srl\/#organization"},"potentialAction":[{"@type":"SearchAction","target":{"@type":"EntryPoint","urlTemplate":"https:\/\/artigiani.srl\/?s={search_term_string}"},"query-input":{"@type":"PropertyValueSpecification","valueRequired":true,"valueName":"search_term_string"}}],"inLanguage":"it-IT"},{"@type":"Organization","@id":"https:\/\/artigiani.srl\/#organization","name":"Artigiani srls","url":"https:\/\/artigiani.srl\/","logo":{"@type":"ImageObject","inLanguage":"it-IT","@id":"https:\/\/artigiani.srl\/#\/schema\/logo\/image\/","url":"https:\/\/i0.wp.com\/artigiani.srl\/wp-content\/uploads\/2021\/04\/Marchio2021-500x480.png?fit=500%2C434&ssl=1","contentUrl":"https:\/\/i0.wp.com\/artigiani.srl\/wp-content\/uploads\/2021\/04\/Marchio2021-500x480.png?fit=500%2C434&ssl=1","width":500,"height":434,"caption":"Artigiani srls"},"image":{"@id":"https:\/\/artigiani.srl\/#\/schema\/logo\/image\/"},"sameAs":["https:\/\/www.facebook.com\/artigianisrls\/"]}]}},"uagb_featured_image_src":{"full":false,"thumbnail":false,"medium":false,"medium_large":false,"large":false,"1536x1536":false,"2048x2048":false,"post-thumbnail":false,"bravada-featured":false,"bravada-featured-lp":false,"bravada-featured-half":false,"bravada-featured-third":false,"bravada-lpbox-1":false,"bravada-lpbox-2":false,"sow-carousel-default":false},"uagb_author_info":{"display_name":"Webmaster Artigiani.srl Massaro","author_link":"https:\/\/artigiani.srl\/?author=1"},"uagb_comment_info":0,"uagb_excerpt":"L&#8217;EDILIZIA CHIAVI IN MANO Costruzioni e Ristrutturazioni Artigiani srls Offriamo soluzioni chiavi in \u200b\u200bmano per i tuoi progetti di costruzione. Eseguiamo tutti i lavori commerciali &hellip;","jetpack_sharing_enabled":true,"jetpack_shortlink":"https:\/\/wp.me\/P9FWZO-aN","_links":{"self":[{"href":"https:\/\/artigiani.srl\/index.php?rest_route=\/wp\/v2\/pages\/669","targetHints":{"allow":["GET"]}}],"collection":[{"href":"https:\/\/artigiani.srl\/index.php?rest_route=\/wp\/v2\/pages"}],"about":[{"href":"https:\/\/artigiani.srl\/index.php?rest_route=\/wp\/v2\/types\/page"}],"author":[{"embeddable":true,"href":"https:\/\/artigiani.srl\/index.php?rest_route=\/wp\/v2\/users\/1"}],"replies":[{"embeddable":true,"href":"https:\/\/artigiani.srl\/index.php?rest_route=%2Fwp%2Fv2%2Fcomments&post=669"}],"version-history":[{"count":8,"href":"https:\/\/artigiani.srl\/index.php?rest_route=\/wp\/v2\/pages\/669\/revisions"}],"predecessor-version":[{"id":760,"href":"https:\/\/artigiani.srl\/index.php?rest_route=\/wp\/v2\/pages\/669\/revisions\/760"}],"wp:attachment":[{"href":"https:\/\/artigiani.srl\/index.php?rest_route=%2Fwp%2Fv2%2Fmedia&parent=669"}],"curies":[{"name":"wp","href":"https:\/\/api.w.org\/{rel}","templated":true}]}}